ighest common divisor of 31 and b.
31
Let v(f) = -f**2 - 7*f - 4. Let w be v(-6). Calculate the highest common factor of w and 22.
2
Let v(h) = h**2 + 3*h + 5. Let s be v(-5). Let k be ((-48)/5)/((-20)/250). Calculate the highest common factor of k and s.
15
Let u = -13 + 28. Let n be u/9*18/5. Calculate the greatest common divisor of n and 66.
6
Suppose 3*m - 15 = -0*m. Let d(b) = b**2 - 5*b + 2. Let f be d(m). What is the highest common factor of 8 and f?
2
Suppose -5*b + 34 = 3*f - 21, -2*f - b = -25. Let j(z) = z**3 + z**2 + 10. Let g be j(0). Calculate the greatest common divisor of f and g.
10
Let g be (-4)/(1 - (1 - 1)). Let b(v) = -v**2 - 6*v - 5. Let c be b(g). What is the highest common divisor of 9 and c?
3
Suppose 13*y - 16 = 11*y. What is the greatest common factor of y and 4?
4
Let w be -1 + 1 - 12/(-6). Suppose -y - 15 = -2*v, -w*y = 3*v - 4*y - 22. Calculate the highest common divisor of v and 24.
8
Let c be 1 - 2 - -10 - 2. Let i = 1 + c. Calculate the greatest common divisor of i and 48.
8
Suppose -3*b - b = -44. Calculate the greatest common divisor of b and 11.
11
Let g be 100/15 - 2/(-6). Suppose -g = -5*r + 28. Let k = 10 - r. What is the greatest common divisor of k and 21?
3
Let n(o) = -o**3 - 3*o**2 + 8*o + 17. Let z be n(-5). Calculate the greatest common factor of z and 3.
3
Let l = 120 + -50. Calculate the greatest common factor of 10 and l.
10
Let c = -97 - -106. Calculate the greatest common divisor of c and 126.
9
Let f be 1260/25 - (-2)/(-5). Let v(q) = -23*q**2 - 1. Let n be v(-1). Let h = n + 44. What is the highest common divisor of h and f?
10
Let m(r) = -r**2 - 4*r - 4. Let g be m(-3). Let h = g + 10. Calculate the highest common factor of 81 and h.
9
Let y(q) = -q**3 + 8*q**2 - 7*q. Let v = -15 - -20. Let d be y(v). What is the highest common factor of d and 4?
4
Let o = -91 - -130. Calculate the highest common divisor of 312 and o.
39
Let x(p) = p. Let f be x(1). Let r be (24/15)/(f/45). Calculate the highest common factor of 9 and r.
9
Let l be 96/60 - (-6)/(-10). Let u = 8 + -3. Calculate the highest common factor of u and l.
1
Suppose 4*p - p = 90. Let t = 89 + -44. What is the greatest common divisor of p and t?
15
Suppose s + 4*x + 179 = 0, x + 151 + 19 = -s. Let z = -57 - s. What is the greatest common divisor of 10 and z?
10
Suppose 4 = w + 1. Let r = 5 - w. Suppose r*a - 10 = a. Calculate the highest common factor of a and 10.
10
Let i = 1 + 8. Let g = i - 5. Suppose z - 2*z + 18 = 4*h, 3*z - 5*h = -14. Calculate the greatest common factor of z and g.
2
Let w be (4 - 1)*1/(-3). Let o(t) = t**2 + 7*t + 6. Let d be o(-5). Let h be ((-10)/d)/(w/(-4)). What is the highest common divisor of h and 110?
10
Let x = 6 - 6. Let r = -2 - x. Let c be r/(-4) + 3/2. What is the greatest common divisor of c and 4?
2
Suppose 37 = q - 2. Suppose 0 = 3*f - 8 - 31. Calculate the greatest common factor of q and f.
13
Let x(a) = -a**3 - 6*a**2 - 15*a - 5. Let f be x(-5). What is the greatest common factor of f and 405?
45
Let b be (-42)/(-10) + (-7)/35. Let u(y) = y**2 - 5. Let a be u(b). What is the greatest common factor of 55 and a?
11
Let i be 1/1 - -5*1. Suppose -t + 2 = t. Let o = t - -29. Calculate the highest common factor of o and i.
6
Suppose 5*m - 85 = 5*v - 10, 0 = 2*v + 2. Calculate the highest common factor of 140 and m.
14
Let d = 5 - 8. Let v be 4*d/(-4)*3. Let p = 181 + -163. What is the highest common factor of p and v?
9
Suppose 0 = -0*r - 2*r. Suppose y + 2*y = r. Suppose -4*s + 0*s = -f - 87, -2*s + 2*f + 42 = y. Calculate the greatest common divisor of s and 44.
22
Let y be 633/8 + 2 - (-8)/(-64). What is the greatest common factor of y and 9?
9
Suppose 2*i + 49 - 63 = 0. What is the greatest common factor of 259 and i?
7
Let u be ((-1396)/(-10) - -3) + (-10)/(-25). Let x(j) = -12*j + 1. Let a be x(-1). What is the greatest common factor of u and a?
13
Let p be 24*-18*3/(-6). What is the greatest common divisor of 24 and p?
24
Suppose -2*h = -r - 4, -5*h + 0*r = -3*r - 9. Suppose -h*y - 20 + 110 = 0. What is the greatest common factor of 20 and y?
10
Let k(a) = -a**3 + 23*a**2 + 53*a - 9. Let b be k(25). What is the greatest common factor of 88 and b?
22
Let g be (-6)/5*(-245)/2. Calculate the highest common divisor of 21 and g.
21
Let k(a) = a**2 + 4*a. Let v be k(-4). Let s(t) = -t**3 + 7*t**2 + t - 6. Let l be s(6). Let u = v + l. Calculate the greatest common divisor of 4 and u.
4
Let h(p) = p + 5. Let y be h(-5). Suppose y*x = 3*x - 60. Calculate the greatest common factor of x and 40.
20
Suppose -4*u - 406 = -3*l, -u - l = 2*l + 94. Let w = -68 - u. Calculate the highest common divisor of 48 and w.
16
Let q be 1 + -1 + 17 - 3. Calculate the greatest common divisor of 238 and q.
14
Suppose 108 = 4*h - 12. Calculate the greatest common factor of h and 45.
15
Suppose 0 = -5*n + 2*n + 516. Let r = n - 122. Calculate the greatest common divisor of r and 10.
10
Let w(a) = a**2 + 9*a - 13. Let p be w(-11). Let g = 137 - 65. What is the greatest common divisor of p and g?
9
Let i(w) = 4*w**3 + 2*w**2 + 2*w. Let o be i(3). Suppose 0*b = 3*b - 36. Calculate the greatest common factor of b and o.
12
Let f(i) = 14*i. Let p be f(1). Calculate the highest common divisor of p and 70.
14
Let q be (-844)/(-20) + 1/(-5). Calculate the greatest common divisor of q and 105.
21
Suppose 4*u - 80 = 2*u. Let n = u + -24. What is the highest common factor of 144 and n?
16
Let v = -19 - -28. Calculate the greatest common divisor of 3 and v.
3
Let r = -14 - -18. Suppose 0*s - r*s + 4 = 0. Calculate the highest common divisor of s and 5.
1
Let r(w) = -w - 1. Let u be r(-3). Calculate the greatest common factor of 8 and u.
2
Suppose 6*x = 4*p + 10*x - 108, -2*x = 0. What is the highest common divisor of 45 and p?
9
Let d be 141/6 + (-4)/(-8). What is the highest common divisor of 12 and d?
12
Suppose 0 = -a + 5*a - 260. Let x = 105 - a. Calculate the greatest common divisor of x and 8.
8
Let i(p) = -p**3 - 6*p**2 - 7*p + 2. Let w be i(-6). Suppose g + g = w. Calculate the highest common divisor of g and 33.
11
Let j(q) = -q**2 + q - 2. Let o be j(0). Let p = -2 - o. Suppose 2*r + 4*u + 44 = 7*r, p = 2*u - 8. Calculate the highest common divisor of r and 48.
12
Suppose 0 = 3*m + 26 - 122. What is the highest common divisor of 16 and m?
16
Let p be 2*(-3 + 2)*(7 - 30). Suppose 0 = -2*l - l - 3. Let y be l/((-1)/2) - -113. What is the highest common factor of y and p?
23
Suppose 0 = -3*d + 30 + 18. Let h = -10 + d. Suppose 78 = p + h. Calculate the highest common factor of p and 9.
9
Suppose 0 = s - l + 5*l - 3, -s + l - 2 = 0. Let q be (3/5)/(s/(-10)). What is the greatest common divisor of 6 and q?
6
Suppose -2*f - 27 = -p - 4*p, f - 9 = -2*p. Suppose -2*z - 2*z = p*c - 52, 0 = 5*c - 5*z - 70. What is the highest common factor of c and 6?
6
Let k be (5 - 2)*(18 - 3). Suppose -2*s + 4*s - 3*w - k = 0, -4*s = -w - 75. What is the greatest common divisor of s and 12?
6
Let o be ((-4)/(-6))/((-2)/(-240)). Calculate the greatest common factor of 10 and o.
10
Let y be 641/4 - (-1)/(-4). What is the greatest common factor of 10 and y?
10
Let i = -8 + 24. Let g be ((-6)/(-8))/((-3)/48). Let l = i - g. What is the greatest common factor of 42 and l?
14
Let b = 12 + 12. What is the highest common factor of b and 16?
8
Suppose -7*m - 8*m + 1440 = 0. Let d(a) = -a**2 - 8*a + 1. Let r be d(-5). What is the greatest common divisor of m and r?
16
Let k = -47 - 218. Let t = k + 375. Calculate the greatest common divisor of t and 44.
22
Suppose 0*p + 2*p = 180. Let w = -13 + p. Calculate the greatest common factor of 7 and w.
7
Let i = -102 - -198. What is the highest common divisor of i and 144?
48
Suppose 3*t = -0*t + 33. Calculate the highest common factor of t and 99.
11
Suppose 4*o = k - 0*o, -4*o = -4*k. Suppose k = -3*c - 6, -2*c - 28 = 3*q - 7*q. Calculate the highest common divisor of q and 2.
2
Let z(y) = 24*y + 6. Let p = -20 - -33. Suppose -5*m + 31 = 2*w, 6 = m - 4*w + p. Let s be z(m). What is the greatest common divisor of s and 14?
14
Let i = 7 + -3. Let g be i/(-18) + (-220)/(-18). Let o be 1*(-4)/(g/(-135)). Calculate the greatest common divisor of o and 30.
15
Suppose 0 = o - 3*o + 44. What is the highest common 